{"id":175,"date":"2023-06-14T09:09:52","date_gmt":"2023-06-14T12:09:52","guid":{"rendered":"https:\/\/institutoluzdemaria.org.br\/?page_id=175"},"modified":"2025-03-28T11:04:28","modified_gmt":"2025-03-28T14:04:28","slug":"missao","status":"publish","type":"page","link":"https:\/\/institutoluzdemaria.org.br\/?page_id=175","title":{"rendered":"Miss\u00e3o, Vis\u00e3o e Valores"},"content":{"rendered":"\n<p><strong>Miss\u00e3o<\/strong><\/p>\n\n\n\n<p>O Instituto Espiritualista Luz de Maria tem como miss\u00e3o ser agente facilitador da sa\u00fade, bem-estar e felicidade.<\/p>\n\n\n\n<p><strong>Vis\u00e3o<\/strong><\/p>\n\n\n\n<p>Buscamos contribuir para o desenvolvimento do ser humano, considerando-o um ser integral e tornando-o agente de transforma\u00e7\u00e3o. Para isso, ser\u00e3o oferecidos atendimentos na \u00e1rea da sa\u00fade f\u00edsica, mental e espiritual bem como na \u00e1rea social, educacional e cultural.<\/p>\n\n\n\n<p>Nossa vis\u00e3o transcende o conceito de ajuda humanit\u00e1ria, visto que considera os problemas sociais muito mais complexos e profundos do que normalmente s\u00e3o tratados. Nossas a\u00e7\u00f5es estar\u00e3o pautadas na inova\u00e7\u00e3o e poder\u00e3o ser multiplicadas de forma a impactar positivamente um n\u00famero cada vez maior de pessoas.<\/p>\n\n\n\n<p>O Instituto Luz de Maria, assim, busca ser refer\u00eancia nacional e internacional no que se refere a trabalho e impacto social positivo.<br><\/p>\n\n\n\n<p><strong>Valores<\/strong><\/p>\n\n\n\n<p>O amor ao pr\u00f3ximo, a inova\u00e7\u00e3o, a sustentabilidade, a valoriza\u00e7\u00e3o da vida em suas mais diferentes formas ser\u00e3o b\u00fassolas. O autoconhecimento, o conhecimento e a pr\u00e1tica no bem ser\u00e3o o alicerce de nosso trabalho. <\/p>\n\n\n\n<p><\/p>\n\n\n\n<p><\/p>\n","protected":false},"excerpt":{"rendered":"<p>Miss\u00e3o O Instituto Espiritualista Luz de Maria tem como miss\u00e3o ser agente facilitador da sa\u00fade, bem-estar e felicidade. Vis\u00e3o Buscamos contribuir para o desenvolvimento do ser humano, considerando-o um ser integral e tornando-o agente de transforma\u00e7\u00e3o. Para isso, ser\u00e3o oferecidos atendimentos na \u00e1rea da sa\u00fade f\u00edsica, mental e espiritual bem [&hellip;]<\/p>\n","protected":false},"author":1,"featured_media":124,"parent":0,"menu_order":0,"comment_status":"closed","ping_status":"closed","template":"","meta":[],"_links":{"self":[{"href":"https:\/\/institutoluzdemaria.org.br\/index.php?rest_route=\/wp\/v2\/pages\/175"}],"collection":[{"href":"https:\/\/institutoluzdemaria.org.br\/index.php?rest_route=\/wp\/v2\/pages"}],"about":[{"href":"https:\/\/institutoluzdemaria.org.br\/index.php?rest_route=\/wp\/v2\/types\/page"}],"author":[{"embeddable":true,"href":"https:\/\/institutoluzdemaria.org.br\/index.php?rest_route=\/wp\/v2\/users\/1"}],"replies":[{"embeddable":true,"href":"https:\/\/institutoluzdemaria.org.br\/index.php?rest_route=%2Fwp%2Fv2%2Fcomments&post=175"}],"version-history":[{"count":16,"href":"https:\/\/institutoluzdemaria.org.br\/index.php?rest_route=\/wp\/v2\/pages\/175\/revisions"}],"predecessor-version":[{"id":1264,"href":"https:\/\/institutoluzdemaria.org.br\/index.php?rest_route=\/wp\/v2\/pages\/175\/revisions\/1264"}],"wp:featuredmedia":[{"embeddable":true,"href":"https:\/\/institutoluzdemaria.org.br\/index.php?rest_route=\/wp\/v2\/media\/124"}],"wp:attachment":[{"href":"https:\/\/institutoluzdemaria.org.br\/index.php?rest_route=%2Fwp%2Fv2%2Fmedia&parent=175"}],"curies":[{"name":"wp","href":"https:\/\/api.w.org\/{rel}","templated":true}]}}