{"id":176,"date":"2023-06-14T09:09:52","date_gmt":"2023-06-14T12:09:52","guid":{"rendered":"https:\/\/institutoluzdemaria.org.br\/?page_id=176"},"modified":"2026-02-26T18:07:18","modified_gmt":"2026-02-26T21:07:18","slug":"nossa-historia","status":"publish","type":"page","link":"https:\/\/institutoluzdemaria.org.br\/?page_id=176","title":{"rendered":"Nossa Hist\u00f3ria"},"content":{"rendered":"\n<p>O Instituto Espiritualista Luz de Maria \u00e9 um projeto da espiritualidade maior que se alia \u00e0queles que se colocaram \u00e0 disposi\u00e7\u00e3o no plano f\u00edsico para execut\u00e1-lo na sua contraparte material, entregando-se de corpo e alma ao trabalho no bem.<\/p>\n\n\n\n<p>Assim, nosso amigo Ginaldo, nascido em uma fam\u00edlia&nbsp; humilde, por\u00e9m estruturada economicamente para \u00e9poca e para regi\u00e3o onde viviam,&nbsp; desde pequeno foi sendo preparado e inspirado, com o prop\u00f3sito de materializar o projeto&nbsp; e liderar um grupo de trabalhadores altamente&nbsp; comprometidos com o amor ao pr\u00f3ximo e que vem crescendo e se fortalecendo a cada dia.&nbsp;<\/p>\n\n\n\n<p>Ginaldo, quando crian\u00e7a, foi vidente e se recorda que a partir dos tr\u00eas anos de idade come\u00e7ou a ver esp\u00edritos, aparecendo-lhe, principalmente, um padre que disse se chamar Joseph Obi. At\u00e9 hoje, este padre amigo continua sendo o seu mentor.<\/p>\n\n\n\n<p>Na \u00e9poca, por\u00e9m, ele n\u00e3o sabia distinguir o que era esp\u00edrito e o que era encarnado.&nbsp; Durante quatro anos consecutivos, manteve contato permanente com esse \u201cser\u201d que lhe dava orienta\u00e7\u00e3o e at\u00e9 aulas de comunica\u00e7\u00e3o, hist\u00f3ria, geografia, matem\u00e1tica, biologia, f\u00edsica, qu\u00edmica e orienta\u00e7\u00f5es sobre a espiritualidade, bem como as leis de causa e efeito, a\u00e7\u00e3o e rea\u00e7\u00e3o, a pr\u00e1tica do bem e o sentimento de amor ao pr\u00f3ximo, tudo, principalmente, em l\u00edngua espanhola.<\/p>\n\n\n\n<p>Foi assim, que o menino Ginaldo aos cinco anos, estudando numa escola \u201crural\u201d, j\u00e1 estava alfabetizado e enfrentava problemas relacionados \u00e0 sua sensibilidade medi\u00fanica.&nbsp;<\/p>\n\n\n\n<p>Muitas vezes, antevia acontecimentos, o que lhe causava dificuldades para explicar aos que viviam ao seu redor sobre os fen\u00f4menos que presenciava.<\/p>\n\n\n\n<p>Outras vezes, o Bambino (assim era chamado tamb\u00e9m pelo seu mentor, que al\u00e9m de padre \u00e9 psic\u00f3logo, vale dizer) tamb\u00e9m sofria, pois via n\u00e3o s\u00f3 os m\u00e9dicos e esp\u00edritos do bem, mas obsessores e esp\u00edritos que lhe perturbavam e amea\u00e7avam, fazendo-lhe&nbsp; medo. Muitas vezes teve que se esconder debaixo da saia da sua m\u00e3e, fato que seria engra\u00e7ado, se n\u00e3o fosse a dificuldade em se justificar para ela que o repreendia.<\/p>\n\n\n\n<p>Mas a partir dos sete anos, n\u00e3o sabe dizer o porqu\u00ea, sua&nbsp; vid\u00eancia foi interrompida e somente a parte auditiva permaneceu.<\/p>\n\n\n\n<p>E assim foi ao longo de muitos anos, o menino se transformou em jovem e depois em um homem dedicado \u00e0 carreira, \u00e0 fam\u00edlia,&nbsp; ao estudo, \u00e0 pr\u00e1tica do espiritismo e \u00e0 ajuda aos que sofrem.<\/p>\n\n\n\n<p>O grande projeto de construir um lugar que pudesse atender de forma efetiva aos menos favorecidos, material, espiritual e emocionalmente, come\u00e7ou a ser-lhe apresentado de forma mais concreta pelos mentores amigos a partir de 1984.<\/p>\n\n\n\n<p>O in\u00edcio da materializa\u00e7\u00e3o deste projeto, por\u00e9m, apenas come\u00e7ou a ser poss\u00edvel em 2021, quando \u00e9 criado de fato o Instituto Espiritualista Luz de Maria com um grupo de estudos e atendimentos espirituais a um n\u00famero ainda pequeno de pessoas. Um ano depois, \u00e9 registrado seu estatuto e demais provid\u00eancias legais e oficiais s\u00e3o concretizadas.<\/p>\n\n\n\n<p>Vale uma interrup\u00e7\u00e3o nesta cronologia, para dizer que a inspira\u00e7\u00e3o quanto ao nome \u201cLuz de Maria\u201d&nbsp; vem da admira\u00e7\u00e3o de Ginaldo por sua m\u00e3e, D. Raimunda, que, apesar de n\u00e3o ser cat\u00f3lica, sempre viu Maria m\u00e3e de Jesus como um&nbsp; grande ser e, assim, sempre lhe falava de Jesus&nbsp; como um Grande Rabino, um grande Mestre. D. Raimunda lia a Tor\u00e1, o velho e novo testamento, ensinando a ele,&nbsp; com um carinho todo especial, sobre esses dois seres de alt\u00edssima estirpe moral e espiritual.<\/p>\n\n\n\n<p>Fato \u00e9 que, atualmente, em comunh\u00e3o com muitos amigos, os trabalhadores do Instituto Luz de Maria se re\u00fanem semanalmente para atendimentos presenciais e a dist\u00e2ncia, oferecendo os tratamentos de imposi\u00e7\u00e3o de m\u00e3o, di\u00e1logo fraterno entre outras Pr\u00e1ticas Integrativas que buscam unir ci\u00eancia e espiritualidade, na promo\u00e7\u00e3o do bem-estar e felicidade. Al\u00e9m disso, o grupo se&nbsp; mobiliza em coopera\u00e7\u00e3o com institui\u00e7\u00f5es parceiras para realizar a\u00e7\u00f5es sociais, buscando minimizar as dificuldades b\u00e1sicas de pessoas em estado de vulnerabilidade.<\/p>\n\n\n\n<p>E, neste ano de 2023, est\u00e1 sendo dado um passo decisivo, aquele mais aguardado.&nbsp; Foi um longo processo para regulariza\u00e7\u00e3o de documentos, que, em maio, felizmente, chegou ao final, possibilitando o in\u00edcio efetivo da terraplanagem do terreno, onde ser\u00e3o constru\u00eddos o  Audit\u00f3rio Joseph Obi e a Cl\u00ednica de Sa\u00fade e Bem-estar Dr. Vincent Guttemberg, em Campo Magro, munic\u00edpio da Regi\u00e3o Metropolitana de Curitiba. Para o m\u00eas de julho, o objetivo \u00e9 dar in\u00edcio \u00e0 obra, com inaugura\u00e7\u00e3o esperada e desejada para meados de 2026.<\/p>\n\n\n\n<p>A grande meta do Instituto Luz de Maria \u00e9 consolidar-se como um espa\u00e7o permanente de aprendizado, viv\u00eancia e pr\u00e1tica do bem. Inspirado no amor maior de Maria, o projeto orienta suas a\u00e7\u00f5es por valores universais de compaix\u00e3o, solidariedade e servi\u00e7o ao pr\u00f3ximo.<\/p>\n\n\n\n<p>O grupo de trabalhadores empenha-se em colocar em pr\u00e1tica as leis morais e universais ensinadas por Jesus, compreendidas em sua dimens\u00e3o \u00e9tica e humanista, sem qualquer v\u00ednculo religioso ou car\u00e1ter confessional.<\/p>\n\n\n\n<p>Somos seres espirituais e como tal buscamos a espiritualidade livre e aut\u00f4noma, por isso os estudos s\u00e3o e ser\u00e3o cont\u00ednuos. Em nossos espa\u00e7os de atendimento ser\u00e3o realizadas&nbsp; diferentes pr\u00e1ticas integrativas, m\u00e9dicas e terap\u00eauticas, utilizando-se e valorizando tamb\u00e9m a riqueza de produtos que a m\u00e3e natureza nos d\u00e1 para cuidar da sa\u00fade e do bem estar.<\/p>\n\n\n\n<p>Enfim, o amor ao pr\u00f3ximo \u00e9 nosso maior compromisso. Assim, tudo ser\u00e1 feito para cumprirmos o papel que nos cabe nesta jornada.<br><\/p>\n","protected":false},"excerpt":{"rendered":"<p>O Instituto Espiritualista Luz de Maria \u00e9 um projeto da espiritualidade maior que se alia \u00e0queles que se colocaram \u00e0 disposi\u00e7\u00e3o no plano f\u00edsico para execut\u00e1-lo na sua contraparte material, entregando-se de corpo e alma ao trabalho no bem. Assim, nosso amigo Ginaldo, nascido em uma fam\u00edlia&nbsp; humilde, por\u00e9m estruturada [&hellip;]<\/p>\n","protected":false},"author":1,"featured_media":124,"parent":0,"menu_order":0,"comment_status":"closed","ping_status":"closed","template":"","meta":[],"_links":{"self":[{"href":"https:\/\/institutoluzdemaria.org.br\/index.php?rest_route=\/wp\/v2\/pages\/176"}],"collection":[{"href":"https:\/\/institutoluzdemaria.org.br\/index.php?rest_route=\/wp\/v2\/pages"}],"about":[{"href":"https:\/\/institutoluzdemaria.org.br\/index.php?rest_route=\/wp\/v2\/types\/page"}],"author":[{"embeddable":true,"href":"https:\/\/institutoluzdemaria.org.br\/index.php?rest_route=\/wp\/v2\/users\/1"}],"replies":[{"embeddable":true,"href":"https:\/\/institutoluzdemaria.org.br\/index.php?rest_route=%2Fwp%2Fv2%2Fcomments&post=176"}],"version-history":[{"count":21,"href":"https:\/\/institutoluzdemaria.org.br\/index.php?rest_route=\/wp\/v2\/pages\/176\/revisions"}],"predecessor-version":[{"id":1702,"href":"https:\/\/institutoluzdemaria.org.br\/index.php?rest_route=\/wp\/v2\/pages\/176\/revisions\/1702"}],"wp:featuredmedia":[{"embeddable":true,"href":"https:\/\/institutoluzdemaria.org.br\/index.php?rest_route=\/wp\/v2\/media\/124"}],"wp:attachment":[{"href":"https:\/\/institutoluzdemaria.org.br\/index.php?rest_route=%2Fwp%2Fv2%2Fmedia&parent=176"}],"curies":[{"name":"wp","href":"https:\/\/api.w.org\/{rel}","templated":true}]}}